ten thousands digit of 373003042?
0
What is the thousands digit of 203183111?
3
What is the thousands digit of 201338136?
8
What is the tens digit of 86518279?
7
What is the hundred thousands digit of 123409078?
4
What is the tens digit of 4181416?
1
What is the thousands digit of 276991724?
1
What is the ten millions digit of 997032459?
9
What is the thousands digit of 566504761?
4
What is the ten millions digit of 933757426?
3
What is the millions digit of 1153402104?
3
What is the millions digit of 7354401769?
4
What is the ten thousands digit of 63945668?
4
What is the tens digit of 90213537?
3
What is the thousands digit of 807710975?
0
What is the ten thousands digit of 2527468?
2
What is the units digit of 4221257789?
9
What is the tens digit of 55249771?
7
What is the hundreds digit of 21702727?
7
What is the hundred millions digit of 332354355?
3
What is the thousands digit of 631415873?
5
What is the hundreds digit of 79480593?
5
What is the tens digit of 3249203086?
8
What is the millions digit of 2613212765?
3
What is the units digit of 51264101?
1
What is the tens digit of 76727355?
5
What is the ten thousands digit of 140784830?
8
What is the hundred thousands digit of 307408770?
4
What is the ten millions digit of 271490680?
7
What is the units digit of 5840155?
5
What is the thousands digit of 4519337301?
7
What is the tens digit of 140964209?
0
What is the ten thousands digit of 45272865?
7
What is the ten millions digit of 88504690?
8
What is the hundreds digit of 771299576?
5
What is the ten thousands digit of 307522757?
2
What is the thousands digit of 125579523?
9
What is the hundred thousands digit of 133701442?
7
What is the ten thousands digit of 2062992492?
9
What is the ten millions digit of 196632443?
9
What is the millions digit of 137020659?
7
What is the millions digit of 56009017?
6
What is the tens digit of 1986345814?
1
What is the ten thousands digit of 3222066993?
6
What is the hundred thousands digit of 647733855?
7
What is the tens digit of 423787465?
6
What is the tens digit of 1045682187?
8
What is the ten millions digit of 545281036?
4
What is the tens digit of 798151680?
8
What is the hundred thousands digit of 256556674?
5
What is the ten thousands digit of 20482784?
8
What is the units digit of 886631037?
7
What is the hundred thousands digit of 1551500073?
5
What is the hundred millions digit of 249682292?
2
What is the billions digit of 2588644867?
2
What is the billions digit of 3445633869?
3
What is the thousands digit of 7225077?
5
What is the units digit of 126536242?
2
What is the hundred millions digit of 4538819984?
5
What is the hundred millions digit of 1679815184?
6
What is the thousands digit of 67993449?
3
What is the units digit of 57105346?
6
What is the ten millions digit of 481836062?
8
What is the units digit of 764313606?
6
What is the hundreds digit of 79053972?
9
What is the hundreds digit of 775690394?
3
What is the millions digit of 1024821826?
4
What is the hundreds digit of 144904322?
3
What is the ten millions digit of 725623011?
2
What is the millions digit of 185645619?
5
What is the thousands digit of 215385409?
5
What is the ten thousands digit of 1942841673?
4
What is the units digit of 3644971290?
0
What is the ten thousands digit of 7216590?
1
What is the thousands digit of 3036897395?
7
What is the ten thousands digit of 889017466?
1
What is the hundreds digit of 35570518?
5
What is the billions digit of 6085090496?
6
What is the hundreds digit of 51064489?
4
What is the units digit of 1531843816?
6
What is the thousands digit of 5318134644?
4
What is the units digit of 872426307?
7
What is the hundred thousands digit of 2317289514?
2
What is the ten thousands digit of 366553032?
5
What is the millions digit of 953855315?
3
What is the hundred millions digit of 456170919?
4
What is the hundreds digit of 381040792?
7
What is the thousands digit of 1253423970?
3
What is the ten thousands digit of 505260551?
6
What is the hundred millions digit of 600726385?
6
What is the hundreds digit of 158948248?
2
What is the thousands digit of 234454340?
4
What is the units digit of 3780958246?
6
What is the thousands digit of 223046231?
6
What is the units digit of 62052529?
9
What is the thousands digit of 337558669?
8
What is the ten thousands digit of 780139970?
3
What is the ten thousands digit of 56224276?
2
What is the millions digit of 1195487542?
5
What is the tens digit of 5148030288?
8
What is the hundreds digit of 16876625?
6
What is the ten millions digit of 3006269981?
0
What is the hundred thousands digit of 1608353281?
3
What is the units digit of 474967715?
5
What is the ten millions digit of 486293615?
8
What is the millions digit of 38552387?
8
What is the ten thousands digit of 5394996?
9
What is the thousands digit of 105717898?
7
What is the hundreds digit of 611760386?
3
What is the thousands digit of 90852690?
2
What is the hundred thousands digit of 4468415356?
4
What is the hundred millions digit of 498558532?
4
What is the units digit of 717825048?
8
What is the millions digit of 1032283849?
2
What is the ten millions digit of 166493403?
6
What is the hundred thousands digit of 242456989?
4
What is the tens digit of 98447343?
4
What is the ten thousands digit of 2409734856?
3
What is the hundreds digit of 7160167744?
7
What is the hundred thousands digit of 13926075?
9
What is the tens digit of 4403809464?
6
What is the tens digit of 40288246?
4
What is the hundred thousands digit of 29839037?
8
What is the hundreds digit of 268133603?
6
What is the hundred thousands digit of 1457949402?
9
What is the hundreds digit of 17189712?
7
What is the billions digit of 4729658640?
4
What is the hundred thousands digit of 290393059?
3
What is the millions digit of 2244354006?
4
What is the hundred thousands digit of 5431629?
4
What is the thousands digit of 47371155?
1
What is the tens digit of 398640072?
7
What is the ten millions digit of 22865838?
2
What is the ten millions digit of 305275872?
0
What is the millions digit of 1744165526?
4
What is the hundreds digit of 4488383?
3
What is the millions digit of 161760452?
1
What is the units digit of 25417463?
3
What is the hundred thousands digit of 294311558?
3
What is the millions digit of 81650766?
1
What is the ten thousands digit of 4269686994?
8
What is the thousands digit of 149554490?
4
What is the hundreds digit of 9662794?
7
What is the units digit of 873905792?
2
What is the thousands digit of 5088527728?
7
What is the tens digit of 29813214?
1
What is the billions digit of 3102253781?
3
What is the units digit of 70294344?
4
What is the ten thousands digit of 693187046?
8
What is the thousands digit of 622062121?
2
What is the millions digit of 26019295?
6
What is the hundreds digit of 1509212827?
8
What is the millions digit of 211853066?
1
What is the hundred thousands digit of 106234945?
2
What is the hundred thousands digit of 242251965?
2
What is the hundred thousands digit of 154742230?
7
What is the ten thousands digit of 79001427?
0
What is the millions digit of 4943907398?
3
What is the thousands digit of 79190406?
0
What is the ten millions digit of 1178757018?
7
What is the ten millions digit of 258910617?
5
What is the ten millions digit of 113100755?
1
What is the ten thousands digit of 2685413022?
1
What is the hundred thousands digit of 98144971?
1
What is the units digit of 262410301?
1
What is the ten thousands digit of 1478139133?
3
What is the millions digit of 8039522681?
9
What is the ten thousands digit of 12264963?
6
What is the ten thousands digit of 75649502?
4
What is the hundreds digit of 849259426?
4
What is the tens digit of 7264328?
2
What is the hundreds digit of 1071108930?
9
What is the millions digit of 187825419?
7
What is the hundred millions digit of 1388444645?
3
What is the hundred millions digit of 593928613?
5
What is the ten thousands digit of 291371953?
7
What is the ten millions digit of 38109996?
3
What is the millions digit of 1379548742?
9
What is the ten millions digit of 57281857?
5
What is the ten millions digit of 1733284653?
3
What is the millions digit of 1416821825?
6
What is the ten thousands digit of 3087818817?
1
What is the hundred thousan